q*d = d. Determine k(d).
4
Let p(z) = 4*z - 42. Let v(b) = 4*b - 41. Let o(s) = 6*p(s) - 5*v(s). What is o(12)?
1
Let j(q) = 2*q**2 + q + 1. Let x = -24 - -23. Let r be j(x). Let u(n) = 0*n**2 - 2*n**2 + 0*n - n**3 + n + 7*n**r. Determine u(5).
5
Let b(h) = 26*h**2 - 9*h + 3. Let u(q) = 21*q**2 - 9*q + 2. Let i(t) = 4*b(t) - 5*u(t). Give i(8).
10
Let b = -213 + 220. Let f(g) = g**2 - 8*g - 6. Determine f(b).
-13
Let l = -3 + 1. Let o(f) be the first derivative of -f**3/3 - f**2 - 3*f + 3023. Determine o(l).
-3
Suppose -4*d + 20 = 0, -5*d - 8 = -g - 30. Suppose -6*h + g*h = -18. Let y(k) = h + 6*k**2 + 3*k + k**3 - 2*k + 0*k**3. What is y(-6)?
0
Let i = 22 - 4. Let y be ((-2)/3)/(12/i). Let f(x) = -9*x**2 + 1. Give f(y).
-8
Let l(n) = 1325 - 3*n - 1335 + 0*n. What is l(-4)?
2
Let g(d) = -15*d + 8. Let c(t) = -17*t + 10. Let i(s) = -6*c(s) + 7*g(s). Determine i(-4).
8
Let c(g) = 2*g**3 - 2*g**2 + 2. Let r(v) = -3*v**3 + 10*v**2 - 9*v - 9. Let l(i) = -2*c(i) - r(i). What is l(-7)?
-9
Let f(u) = u + 4. Suppose -64*q = -66*q. Let m be (-150)/22 + q + (-10)/55. Determine f(m).
-3
Let o(s) = -s**2 - 15*s. Let n be o(-15). Let h(i) = i**3 - 5 + 4 + 0 + 3*i**2 + n*i**3 + 2*i. Calculate h(-2).
-1
Let v(s) = 5*s**3 + 11*s**2 + 13*s - 17. Let c(u) = 9*u**3 + 22*u**2 + 25*u - 33. Let g(r) = -4*c(r) + 7*v(r). Determine g(-10).
3
Let w(k) be the first derivative of k**4 - 8*k**3/3 - 4*k**2 - 2*k - 11. Let p(u) = 3*u**3 - 7*u**2 - 7*u - 3. Let i(d) = -3*p(d) + 2*w(d). What is i(6)?
-1
Let m(i) be the first derivative of -i**2/2 + 2*i + 62. Suppose f = -4*v + 3 + 3, 0 = 2*f - 4. Let p be (-4)/(v + 1) + -1. Give m(p).
5
Let y(p) = p - 8. Let d be y(10). Suppose 0*c = d*c + 10. Let l(s) = -1. Let x(k) = k. Let g(i) = -2*l(i) - x(i). Give g(c).
7
Let j(q) = -495 - 470*q - 4*q**2 + 473*q + 494. Suppose z = 2 - 0. What is j(z)?
-11
Suppose -8*t + 48 = -0*t. Let f(m) be the first derivative of 2*m**3 + 1/2*m**2 - m - 4 - 1/4*m**4. Determine f(t).
5
Let h(x) = x**3 - 4*x**2 - 2*x + 3. Let c(v) = -v**2 + 21*v + 50. Suppose -3*o = 4 - 73. Let l be c(o). What is h(l)?
-5
Let c(t) = 144 - 10*t - 73 - 70. Let s(d) = 4*d - 2. Let i be s(1). Calculate c(i).
-19
Let o(k) = 4*k + 0*k**2 - 3*k**2 + 0*k**3 - 6 + k**3. Let l be o(3). Let f(q) = 2*q - 2*q + q**2 - 4 + 2*q - l*q. Give f(5).
1
Let d = 197 - 199. Let v(k) = k**2 + 2*k + 2. Determine v(d).
2
Let z(r) = 10*r - 8. Let d(k) = -2 - 2 + 1 + 4*k. Let c(w) = w + 24. Let y be c(-19). Let m(f) = y*z(f) - 12*d(f). Determine m(3).
2
Let o(m) = -m**3 + 17236 - 8619 + 2*m**2 - 8618. Let a = 0 + -1. Calculate o(a).
2
Let m = -6 + 31. Suppose -13*d + m = -18*d. Let c(x) = -2*x**3 - 23*x**2 - x + 3. Let w(l) = l**3 + 12*l**2 - 2. Let k(y) = 6*c(y) + 11*w(y). Give k(d).
1
Let i(o) = o**3 + 5*o**2 - 5*o - 4. Suppose 0 = 2*n - h + 6, -4*h - 26 = -2*n + 4*n. What is i(n)?
21
Suppose -23 = -2*l - 5*r + 36, 4*l - 4*r - 188 = 0. Let t be (-34)/6 - (-28)/l. Let u(q) = -q. Calculate u(t).
5
Suppose -13*x + 15 - 54 = 0. Let j(g) = g**2 + g + 4. What is j(x)?
10
Suppose j + 0*f - 150 = 5*f, -5*f = -3*j + 400. Let n(k) = -8*k + j - 59 - 65 - 5*k**2 + 3*k - k**3. Determine n(-4).
5
Let y(k) = k + 3. Let m(j) = 2*j + 6. Let g(r) = 3*m(r) - 5*y(r). Let z be g(1). Let c(u) = -3*u + 6 - z + 4 - 4. Give c(5).
-13
Suppose 0 = -5*w - 4*k - 9 - 1, -3*w = -3*k + 6. Let j(f) = 3*f**2 - 3. Let x(l) = 4*l**2 + l - 4. Let b(g) = w*x(g) + 3*j(g). Give b(-1).
2
Let c = 1138 - 1126. Let u(q) = -q**2 + 14*q + 4. Give u(c).
28
Let b be ((-4)/6)/(76/57)*6. Let v(j) = j**2 + 2*j + 0*j**3 + 2*j**2 + 2 + j**3. Determine v(b).
-4
Let t = 68 + -75. Let i(m) be the third derivative of -m**6/120 - 7*m**5/60 - m**4/8 + 5*m**3/6 + 4*m**2. Calculate i(t).
26
Let c be (-27)/5 + 4/10. Let o be 0 + (-5 - -5)/((-6)/3). Let l = c + o. Let g(s) = -s + 4. Give g(l).
9
Let n be ((-903)/(-27))/7 + 4/18. Let w(q) = -3*q**3 - 13*q**2 + 7*q - 15. Let m(t) = t**3 + 6*t**2 - 3*t + 7. Let d(s) = n*m(s) + 2*w(s). What is d(4)?
1
Let t(l) = 2*l - 8. Let n be t(5). Let g(w) = w**3 - 17*w**n + w**2 + 11*w - 2 - 6*w**2 + 10*w**2. Determine g(11).
-2
Let r(g) = -g**3 - 2*g**2 + 3*g - 8. Let p(z) = z**2 - z - 1. Let l = -74 + 73. Let c(m) = l*r(m) + 2*p(m). Calculate c(-5).
6
Let j(m) = -m**2 - 9*m - 9. Let i be 6/(6/(-4) + (-13)/(-26)). Calculate j(i).
9
Let q(v) = -v**3 - 11*v**2 - v - 12. Suppose -13*p - 192 + 49 = 0. What is q(p)?
-1
Let v(z) = 3*z - 3. Let s = 102 + -116. Let y be 8 - (5 - -9)*(-4)/s. Give v(y).
9
Let c(n) = n**3 + 7*n**2 + n - 5. Suppose -406 + 106 = 60*g. Calculate c(g).
40
Let p(o) = -o**2 - 9*o - 7. Let s(z) = 15*z + 10. Let i be s(-1). Calculate p(i).
13
Suppose -3*i + 41 = 41. Let b(o) = -o**3 - 5*o**2 + 4 + 6 + 4*o**2. Calculate b(i).
10
Let o = 31 - 28. Let w(z) = 7*z - 3*z - o*z. Determine w(-3).
-3
Let n be (16 - 19)*4/(-3). Let h be (1 + (1 - -2))/2. Let c(m) = -3 + 5 + m + n - h*m. Calculate c(0).
6
Let t = 83 - 81. Let o(x) = -4 + 2*x**2 + 0*x + 4*x + 2 - 6*x**t. Give o(2).
-10
Let h(b) = b**3 - 15*b**2 - 16*b - 6. Let g be h(16). Let m(w) = w**2 + 3*w - 1. Determine m(g).
17
Let j be (-1 - (-4)/(-1))*-1. Let n(y) be the first derivative of y**4/4 - 2*y**3 + 3*y**2 + 23. What is n(j)?
5
Let b(g) = -g**3 - 7*g**2 + g + 12. Let o(n) = -7*n - 154. Let j be o(-21). Determine b(j).
5
Suppose -p + 0 = -3. Let t(g) = -2*g**2 + 4*g - 2. Give t(p).
-8
Let y(t) = -9*t - 9*t**3 + 14*t**3 + 7 + 4*t**3 - 8*t**3 - 5*t**2 + 0. Determine y(6).
-11
Let m = 19/40 - -1/40. Let s(j) be the first derivative of j - m*j**2 - 5. Calculate s(2).
-1
Let g(c) = 2*c**2 - 2*c + 10. Let z(h) = h**2 - 2*h + 9. Let r(j) = 2*g(j) - 3*z(j). Let f be (-3 + -1)/4*-1. Let d be 20/12*-3*f. Give r(d).
8
Let a = 47 - 63. Let p be ((-1)/5)/(a/80). Let l(z) = 0*z + 0 - 1 - 3*z. Calculate l(p).
-4
Let l(p) = -5*p**2 + 4*p - 2*p + p**2. Let s = -9833 + 9835. Calculate l(s).
-12
Suppose -2*q + 0*q = 10. Let o(n) = 5*n**2 + 2*n + 1. Let k(g) = 6*g**2 + 3*g + 1. Let t(v) = q*o(v) + 4*k(v). Let r be ((-10)/20)/((-1)/6). Calculate t(r).
-4
Let i(d) = -2*d + 7. Let z be i(6). Let l be z/(-25) - (-68)/10. Let c(y) = -y**2 - 2 + y - l*y + y. Give c(-5).
-2
Let o(b) be the first derivative of -b**5/60 - b**4/4 + b**3/6 + 17*b**2 - 39. Let y(h) be the second derivative of o(h). Calculate y(-5).
6
Let q(l) = -l. Let f(y) = 7*y - 9*y + 3*y + 7. Let j(x) = f(x) + 3*q(x). Give j(-5).
17
Let y be 2 + 0 - 4/2. Let j(t) be the second derivative of -t**3/6 + t**2 + t + 1575. Determine j(y).
2
Let h(p) be the first derivative of -2*p**2 - 3*p - 59. What is h(-3)?
9
Let d(f) = 4*f - 1 + 1 - 3*f**2 - 2 - 541*f**3 + 542*f**3 - 5. Determine d(2).
-3
Let l(y) = -4*y**3 + y**2 + y + 1. Let t(m) = m. Suppose -4*z + 2*r = -2*z + 6, 0 = 5*z + r - 15. Let x(u) = z*t(u) - l(u). Let n be 3 + -1 + -2 + 1. Give x(n).
3
Let w(d) be the first derivative of -d**2/2 + 10*d + 16. What is w(-13)?
23
Let v(n) be the second derivative of -n**4/12 - 3*n**2/2 + 88*n. Calculate v(6).
-39
Let j(g) be the third derivative of g**6/120 + g**5/12 + g**4/6 + 77*g**2 - 1. Calculate j(-4).
0
Suppose 0*s + 2*o - 12 = -2*s, 0 = -o + 2. Let r(x) = 5*x**2 + 5*x - 9. Let u(p) = 6*p**2 + 5*p - 10. Let g(c) = 7*r(c) - 6*u(c). Give g(s).
1
Let c(x) = -1 + 2*x**2 - x**2 - 4 + 3*x. Suppose 7*h = 5*h + 10. Suppose -3*m - 6 - 5 = 5*t, -h*m = -5*t - 35. What is c(t)?
-1
Suppose -2*t + 23 - 33 = 0. Let l(z) = -z**2 - 8*z - 6. What is l(t)?
9
Let z(r) = -r**3 - 2*r**2 - r. Let v(n) = n**3 + 20*n**2 - 22*n - 23. Let s be v(-21). Give z(s).
2
Let f(g) = 5*g**2 - 2*g**2 + 5 - 59*g - 2*g**2 - 2 + 53*g. Calculate f(5).
-2
Let h(k) = 2*k - 18. Let r(g) = 2*g**2 + 21*g + 39. Let c be r(-9). What is h(c)?
6
Let z(q) = 2*q + 2. Suppose 4*g + 3 = 2*b - 17, -3*g - 20 = -4*b. Calculate z(b).
6
Suppose 14*y = 18*y + 16. Let n be y*14/(-10)*(-25)/20. Let j(u) = -u + 2. Give j(n).
9
Let w(b) be the second derivative of b**3/6 - 5*b**2/2 - 96*b. Determine w(8).
3
Let c = -18 - -43. Suppose -1 = 4*t - c. Let l(f) be the first derivative of -f**3/3 + 3*f**2 - 5*f - 36. What is l(t)?
-5
Let l(m) = -m**2 - 3*m - 1. Let r be l(-3). Suppose 6 = 4*g + d, -2*d - 14 = -g - 4*g. Let c(f) = 43*f**2 - 72*f**2 + 39*f**g - 1. Calculate c(r).
9
Let n = 231 - 236. Let v(z) = 12*z + 9. Give v(n).
